
Suppose 0*i + 3*i + 18 = 0. Let r = i + 13. Let u(d) = 15*d + 6. Is u(r) prime?
False
Suppose 17*f = 16*f + 2. Suppose 3*h - f*h - 14 = 0. Is h a composite number?
True
Let b(t) = -6*t + 57. Is b(3) composite?
True
Let u = -197 + 613. Let p = u + -257. Is p a composite number?
True
Let i(c) = -c**2 - 5*c + 37. Let n be i(-9). Is ((-10)/(-3) + -3)*2103/n a prime number?
True
Let p(u) = 2*u**2 - 2*u + 1. Let l be p(4). Let n(o) = -143*o - l*o - 1 + 6*o. Is n(-1) composite?
True
Suppose -2*a + 687 = -5*a. Let b = -91 - a. Suppose s + b = 4*s. Is s composite?
True
Let i be (-189)/(-49) + 1/7. Suppose i*s - s + 66 = 0. Let u = s + 80. Is u a composite number?
True
Let f = 200 - 52. Suppose 6*t - t + k - 711 = 0, 306 = 2*t - 5*k. Suppose -3*j + t = -f. Is j a prime number?
True
Let d = -10656 + 16223. Is d a prime number?
False
Let g = 82 + -11. Suppose g = o - 2*l, 0 = -3*o + l + 3*l + 209. Is o composite?
False
Suppose -149 - 280 = -3*t. Suppose -5*h - 5*z + 305 + 470 = 0, -3*h + 481 = -z. Let u = t + h. Is u composite?
True
Suppose -7*l = -9*l - 294. Let r = l + 401. Is r prime?
False
Suppose 4*l = -4*i + l - 7, -5*i - 5*l - 5 = 0. Let v be -1909 - (i - (-3 + -2)). Is (v/(-30))/((-2)/(-6)) a composite number?
False
Let z(a) = 2*a**2 + 349*a - 34. Is z(49) a prime number?
False
Let n(p) = 6*p**3 - 2*p**2 + 2*p - 1. Let s be n(1). Suppose 4*q = 4, w + 0*q - s = -q. Suppose -w*r = -192 - 1300. Is r a prime number?
True
Suppose -27*i - 1207 = -28*i. Is i composite?
True
Is 1472/(-48)*(-1)/(-4)*-381 composite?
True
Let s(t) = t**3 - t**2 - 8*t - 3. Let j = 1 + 2. Suppose -3*w + 42 = 5*g, -j*w = -3*g - 4*w + 22. Is s(g) a prime number?
False
Suppose 3*c = -0*c - s + 3256, -2194 = -2*c + 4*s. Is c composite?
False
Suppose 3*d - 48284 = -5*b, d + 9390 = -3*b + 38358. Is b prime?
False
Let m(o) = o + 8. Let x be m(-13). Is (-994)/x - (-7)/35 a composite number?
False
Let f(l) = 6*l + 5 + 5 + 3*l. Suppose -3*w = 2*w + 5*p - 25, 0 = -5*w - 4*p + 28. Is f(w) composite?
True
Let r be (-66)/3 - (-4)/(-1). Let l = r - -39. Is l a prime number?
True
Suppose 4*a = -g + 63509, g = 3*a - 0*g - 47630. Is a prime?
True
Suppose 4*s = -5*c + 17 - 0, 2*s - c + 9 = 0. Is ((-1)/s)/(1/1226) composite?
False
Suppose -22*m - 28*m = -513250. Is m composite?
True
Let b(u) = -3*u**3 + u**2 - 2*u. Let h be b(1). Is (-10)/15*3342/h composite?
False
Let h be -21 + 26/8 + (-2)/8. Let o = 1447 - h. Is o a prime number?
False
Let c be 187/77 + 3/(-7). Suppose 9 = 5*w - 6, -c*j - w + 347 = 0. Suppose 51 = s - j. Is s a prime number?
True
Let v = 39 - -100. Suppose 6*s = 7*s - v. Is s a prime number?
True
Suppose 2*i + 0 = 6. Suppose 1228 = b + i*b. Is b composite?
False
Suppose 17*y - 779 = 173. Suppose 55*i + 713 = y*i. Is i a prime number?
False
Is (141739/(-52))/((-1)/4) composite?
False
Let v be 44*(4 + 12/(-4)). Let t = v - -14. Suppose 911 = 3*a - t. Is a prime?
False
Let n = 54 - 54. Suppose 0*q = 5*p + 4*q - 5309, -2*p - 4*q + 2126 = n. Is p prime?
True
Suppose -2*z - 308 = 180. Let x = 275 - z. Suppose -4*l = -677 - x. Is l composite?
True
Let b be 1/(-4) - 355/20. Let n be ((-24)/(-18))/((-4)/b). Suppose -n*g - 357 + 1863 = 0. Is g a prime number?
True
Suppose 5*l + 797 = b, 0 = -b - 2*l + 5*l + 797. Is b prime?
True
Let o(i) = 155*i - 61. Is o(18) a prime number?
True
Suppose -89 = 2*n - 2*d - 957, -3*n = 3*d - 1302. Suppose -5*t + 1686 = -n. Let j = -85 + t. Is j composite?
True
Let y be 1/4 - 174/24. Let b = y - -9. Suppose l - 5*k = 196, -l + b*k + 35 = -170. Is l a prime number?
True
Let a(j) = -819*j - 66. Is a(-25) a prime number?
False
Suppose 3155 - 39 = b. Suppose -3*t - t = -b. Is t prime?
False
Is (12/(-16))/(15/(-8980)) a prime number?
True
Suppose s + 3*m + m + 27 = 0, 5*m + 4 = 3*s. Let k(l) = -48*l + 10. Is k(s) a composite number?
True
Suppose 0 = -9*u + 14238 + 19881. Is u prime?
False
Let x(t) = 329*t**2 + 2*t - 3. Is x(-6) prime?
False
Let h(l) = 7*l**3 - l**2 + 26*l + 5. Is h(8) a prime number?
True
Let l(g) = -64*g**2 + 9*g + 2. Suppose 4*k = -k - 25. Let h(q) = 43*q**2 - 6*q - 1. Let o(j) = k*l(j) - 7*h(j). Is o(-2) a prime number?
True
Let g(a) = 51*a**2 + 22*a - 3. Is g(4) prime?
False
Let j be (5 - 8)/(1/(-1)). Let v = 0 + j. Suppose -t + m + 454 = 0, 442 = -t + 2*t + v*m. Is t a prime number?
False
Suppose 0 = 14*y - 8*y - 56040. Is ((-4)/10)/((-8)/y) a prime number?
True
Suppose 4*s - 3*m = 23, -2*m = 4*s - 0*s - 18. Suppose 3*k + 2*i = 241, -5*k + i = s*i - 403. Is k a composite number?
False
Let f(m) = 1 + 87*m - 3 - 99*m. Is f(-3) a prime number?
False
Let a be (-2 + 3)/((-1)/2). Is 9615/(-10)*a/3 a prime number?
True
Let v = -3 - -3. Let t be v + -2 + 5 + -3. Suppose t = -g + 108 + 455. Is g composite?
False
Suppose -b - 43 = 26. Let y = b + 140. Is y a composite number?
False
Suppose 0 = k + 315 - 3076. Is k a prime number?
False
Let x(f) = 2*f + 16. Let r be x(-7). Is (-2 + r - -1038) + (-1 - -2) prime?
True
Let k(c) = -3*c - 17 + 19 - 4*c**2 + 5*c + 0*c. Let g be k(-1). Is 422 - (2 + g/(-4)) composite?
False
Let a be 19/(-114) + ((-36266)/(-12))/1. Let c = a - 1487. Is c a composite number?
True
Let c(u) = 2*u**3 - 11 + 2*u + 4*u - 3 - 17*u**2 + 4*u**2. Is c(9) composite?
True
Let n(c) = -5 - c**2 - 11*c + 2*c - c. Let t be n(-9). Suppose 4*k = -2*v + 1680, 9*k - 2101 = t*k - 3*v. Is k a prime number?
True
Let c = -34 - -74. Suppose 0*k - 1388 = -4*k. Suppose n - 3*l - c - 39 = 0, 5*n - 3*l = k. Is n a composite number?
False
Let t(v) = 5*v**2 - 3*v + 8. Let q(j) = j**2 + 1. Let x(s) = -6*q(s) + t(s). Let h be x(-3). Suppose h*m + 23 = 289. Is m a prime number?
False
Let y(u) = u + 7. Let g be y(-3). Let t = 7 - g. Suppose 0*w = t*w - 555. Is w a composite number?
True
Let y(s) = -s**2 - 14*s - 24. Let i be y(-10). Is 60566/18 + i/504*7 a composite number?
True
Let u(w) = -4 - 22*w + 31*w + 1 + 37*w**2. Let g = 7 + -11. Is u(g) a composite number?
True
Suppose -3*f + 4 = -4*f. Let d(s) = s + 9. Let v be d(-6). Is (3/(-2))/(v/f) a prime number?
True
Let l = 38 + 1. Suppose -5*m + 2*m + 10 = 5*o, m = -4*o + 1. Suppose 5*w - 2*n - l = -4*n, 4*n = m*w - 27. Is w prime?
True
Let z(i) = i**3 + i**2 - 2*i - 1. Let p be z(-2). Let g be (p - (1 - 3)) + 1. Suppose u + 3*u = -g*v + 802, -807 = -4*u - v. Is u composite?
True
Let i be 0/(0 + -1 + 2). Suppose -2*q + q - 6 = i. Let c(u) = -u**3 - 3*u**2 + 3*u + 7. Is c(q) prime?
True
Let w(s) = -s**2 - 9*s - 5. Let z = -80 + 73. Is w(z) prime?
False
Let o(p) be the second derivative of 49*p**4/12 - p**3/6 + 7*p. Let q be o(1). Suppose 3*t + 5*c - q = 0, 5*t - 58 = c - 2*c. Is t composite?
False
Suppose 27699 = 3*s - 4878. Is s a composite number?
False
Suppose 8*y - 4*y = 4*l + 8440, -y - 2*l + 2113 = 0. Is y prime?
True
Let l be (-2)/14 + (-82)/14. Let w(t) be the third derivative of -7*t**4/6 - 19*t**3/6 - 15*t**2. Is w(l) a prime number?
True
Let v(p) = 13*p**3 - 12*p - 18. Is v(8) a composite number?
True
Suppose 0*n = 11*n + 1320. Let t = 493 + n. Is t a composite number?
False
Let q(y) = -5*y + 7. Let u(m) = -m**2. Let s(t) = -q(t) - 4*u(t). Is s(4) prime?
False
Let s = 78 + 13. Suppose -27*f + 30*f = 63. Suppose -h - 4*z = -s, f = -h + 4*z + 96. Is h composite?
False
Suppose 3*m - 2*u - 2*u = -2030, u - 5 = 0. Let b be 3*(-57)/3*3. Let n = b - m. Is n a prime number?
True
Let b(y) = -7*y + 58. Let w be b(8). Suppose -1912 = -4*d + 3*p - p, w*d - 952 = 3*p. Is d a composite number?
False
Let b(i) be the second derivative of 34*i**3/3 - i**2 - 2*i. Let z(j) = -j + 9. Let k be z(7). Is b(k) a composite number?
True
Let j(i) = -i**3 - 36*i**2 + 101*i - 101. Is j(-43) a prime number?
False
Let j be (-5 - -8 - -2) + 4647. Suppose 10*x - j = 8*x + 5*m, 2 = -m. Is x composite?
True
Suppose 0 = -3*r + 4*r + 2, 5*d = -3*r + 133264. Is d composite?
True
Let u(n) = 3*n + 3 + 2 + 4*n**2 + 2. Is u(-18) a composite number?
False
Suppose -3*o + 8356 = 3*l - 33434, 3*o = -2*l + 27865. Suppose f + l = 6*f. Is f a composite number?
True
Let x = -61185 - -95768. Is x a composite number?
False
Let r(w) = 463*w + 89. Is r(12) a composite number?
True
Let u(w) be the third derivative of 7/30*w**5 + 0 + 0*w - 1/24*w**4 + 3*w**2 + 0*w**3. Is u(-2) prime?
False
Let w = -4211 + 6230. Is w a composite number?
True
Let u